e o(t).
-2
Let t(u) = -5*u - 7. Let j(x) = 9*x + 15. Let p(c) = -4*j(c) - 7*t(c). Let s be 3/12 - 615/(-4). Let q = 148 - s. Calculate p(q).
-5
Let y be 8/(4/3*(-21)/14). Let g be (-12 + 12)*2/y. Let b(m) = -m - 2. Give b(g).
-2
Let s = 1297 + -1299. Let i(b) = 7*b + 12. Determine i(s).
-2
Suppose x - 5*n - 20 = 0, -14 = -5*x - 4*n - 1. Suppose 3*l = g - 75, x*g - 190 - 125 = 3*l. Let d(k) = -g*k - 2 + 59*k + 3. Determine d(5).
-4
Let p(f) = f**3 - 4*f**2 - 4*f - 3. Let y = -28 - -33. Let g be p(y). Let i(z) = -z**3 + 2*z**2 - 2*z + 3. Calculate i(g).
-1
Let z = -284 + 293. Let a(p) = p**2 - 9*p - 9. What is a(z)?
-9
Let y(k) = -3*k**3 + 8*k**2 - k - 9. Let h(w) = -4*w**3 + 8*w**2 - 2*w - 8. Let d(i) = -2*h(i) + 3*y(i). What is d(8)?
-3
Let i(r) = -r**3 + 3*r**2 - 5*r + 32. Let q be i(4). Let o(b) = 14*b. Calculate o(q).
-56
Let s(w) be the first derivative of w**4/4 - 4*w**3/3 + 3*w**2/2 - 4*w - 29. What is s(3)?
-4
Let x(d) = d**3 - 6*d**2 + 4*d - 3. Suppose -9 = -19*g + 22*g. Let o be 247/38 - g/(-2). What is x(o)?
-8
Let h be (2/(-8))/((-3)/(48 - 0)). Let z(v) be the second derivative of v**4/12 - 2*v**3/3 + v**2/2 + v. Give z(h).
1
Let v = 49 + -49. Suppose v = -5*c + 3*y + 2*y - 40, 2*c + 5*y = -9. Let k(h) = -2*h - 9. Calculate k(c).
5
Suppose 0*k - 44 = -11*k. Let z(d) = -3*d + 4. Give z(k).
-8
Let l(p) = 2*p + 1. Let x = 342 + -344. Calculate l(x).
-3
Let k(j) = 25*j**2 - 11*j - 51. Let v(t) = 37*t**2 - 16*t - 72. Let u(f) = -7*k(f) + 5*v(f). Give u(-1).
10
Let c(d) be the second derivative of d**5/20 + d**4/3 - 2*d**3/3 - 3*d**2/2 - 29*d - 5. Let w(r) = -r**3 + 8*r**2 - 5. Let x be w(8). Determine c(x).
-8
Let w(g) = -38*g - 44*g + 169*g - 44*g - 41*g + 12. Calculate w(0).
12
Let m(a) = 3*a**2 + 3*a - 6. Let v(r) = -13*r**2 - 12*r + 25. Let s(h) = -9*m(h) - 2*v(h). Let z be 8/44 + (-114)/22. Give s(z).
-6
Let m(o) = -o**2 + o - 9. Let f(l) = -l**3 - 12*l**2 - 25*l + 18. Let n be f(-9). Give m(n).
-9
Let z(j) be the first derivative of -2*j**3/3 - 5*j**2/2 + 4*j + 124. Calculate z(-4).
-8
Let k(w) = 3*w - 9. Suppose 0 = 3*r + 5 - 59. Let a = r - 11. Suppose 1 = -s + a. Calculate k(s).
9
Let k(c) be the first derivative of 2*c**3/3 + c**2 + 2*c + 256. Determine k(-2).
6
Let s(d) be the first derivative of 2*d - 1/6*d**3 + 4 - 3*d**2. Let n(k) be the first derivative of s(k). Determine n(-4).
-2
Let i(a) = 3*a**2 - a. Let r be i(1). Let q(l) = 4*l**2 - 2*l + 1. What is q(r)?
13
Let d be 9/4 - (-2)/(-8). Suppose -3*x - 2*t + 19 = 0, -3*t = -2*x + 2*t. Let f(y) = -1 - d*y - x*y**2 + 3*y**2 - y**2. Calculate f(-1).
-2
Suppose 5*p + 1 = 4*x, 0 = -p + 3 - 4. Let z(t) = -5*t - 1. Determine z(x).
4
Let i(l) be the first derivative of l**2/2 + 9*l + 545. Let y = 18 - 29. What is i(y)?
-2
Let a = -35 + 40. Let v(j) = -22 + 16 + a*j + 14 - j**2. What is v(6)?
2
Let m be (-4 + 16)*(-2)/(-4). Suppose 3*v - 18 = -3*n + v, -n + v + m = 0. Let w be n/(-10) + 54/(-10). Let k(h) = h**2 + 7*h - 3. Calculate k(w).
-9
Let p(g) = -3*g**2 - 4*g + 1. Suppose -33 = -14*c - 89. Calculate p(c).
-31
Let j(i) = 7*i**3 + 11*i**2 - 3*i + 23. Let w(s) = 4*s**3 + 5*s**2 - 2*s + 12. Suppose 12*y - 15*y + 15 = 0. Let a(t) = y*w(t) - 3*j(t). Give a(-8).
-1
Suppose 2*p = p + 4. Let w(n) = 6*n. Give w(p).
24
Let r be 60/25 + 4/(-10). Let i(x) = -x - 48*x**r + 0 - 1 + 49*x**2. Let o(l) = -l - 2. Let u be o(-5). What is i(u)?
5
Let y = 20 + -14. Let q(z) = 0*z - 2*z - y*z - 3*z. Suppose s + 2*d = 3*d + 1, 3*s - 3 = -3*d. What is q(s)?
-11
Let d = -5 - -3. Let n(l) = 2*l - 3020 - 3026 - 3026 + 9072. What is n(d)?
-4
Let o(u) = -2*u**2 + 1084*u**3 + u**2 + 1 - 1096*u**3. Let c be (-1 + 6/4)/((-4)/(-8)). Calculate o(c).
-12
Suppose 0 = 5*k + 2*u + 1, 0*k - 2 = -2*k - 2*u. Let c(w) = 20*w**2 + 3. Let h(y) = 21*y**2 - y + 4. Let v(f) = -3*c(f) + 2*h(f). Determine v(k).
-17
Let f be (45/60)/(9/30). Let k(o) be the first derivative of f*o**2 + 1/3*o**3 + 5 + 7*o. What is k(-5)?
7
Let q(h) = -16*h**2 - 11*h**2 - 1 + 28*h**2 + 3*h - 7*h**2 + h**3 + 2*h. Calculate q(4).
-13
Let s(l) = -2*l**2 + 2*l + 4 - 5*l + 5*l + 3 - 3. Calculate s(-3).
-20
Let l(o) = 19*o - 206. Let z be l(11). Let k(g) = -g**2 - 1. What is k(z)?
-10
Let p(x) = x - 1. Let z = -17 - -40. Let g = 24 - z. What is p(g)?
0
Suppose -5*s - 2*h = 5, -h - 14 = s + 2*h. Let j(r) = s - 12 + r**2 + 5*r + 7. What is j(-7)?
10
Let y(a) be the second derivative of -10*a + 0 + 1/2*a**4 + 5/2*a**2 - 1/20*a**5 - 7/6*a**3. Let f(v) = v**2 - 4. Let m be f(-3). Calculate y(m).
-5
Suppose -v + 9 = -4*z, 5*z - 10*z = 4*v - 15. Let s(i) = i**2 - 4*i + 6. Give s(v).
11
Let f(m) be the second derivative of 0 - 1/2*m**2 + 20*m - m**3. Determine f(1).
-7
Let n(c) be the second derivative of 0 + 2*c - 2*c**2 - 1/6*c**3 - 1/12*c**4. Let b(v) be the first derivative of n(v). Determine b(-2).
3
Suppose -7 - 17 = 8*r. Let b(q) be the second derivative of -5/6*q**3 - 2*q - 2*q**2 + 0. Determine b(r).
11
Let y(c) be the first derivative of -1/2*c**3 + c**2 + 1 + 1/20*c**5 - 5*c + 1/6*c**4. Let g(r) be the first derivative of y(r). Give g(-3).
2
Let o(p) be the second derivative of p**6/720 - p**5/15 - 17*p**4/12 - 34*p. Let m(n) be the third derivative of o(n). Calculate m(14).
6
Let n(l) = l**3 + 15*l**2 - 4*l - 9. Let t be n(-15). Let b(z) = 2 + 3*z**2 + t*z**3 - 2*z**2 - 40*z**3 - 3. Determine b(-1).
-11
Suppose -5*u - 82 = -4*p, 0 = 5*u - 3*p + 200 - 121. Let k(j) = j + 33. Determine k(u).
19
Let b(z) be the second derivative of -z**5/20 - 7*z**4/12 + 11*z**3/6 + 6*z**2 - 284*z. Give b(-8).
-12
Let t(f) = -2*f + 1. Let m be 9/(-4 + 385/100). Let d = -57 - m. Give t(d).
-5
Let a(w) be the second derivative of 2*w**2 - w + 1/6*w**3 + 16. Calculate a(4).
8
Let j(g) = -5*g**3 - g**2 + 1. Let z be j(-1). Let l(b) = -48*b**2 + 48*b**2 + z*b**3. Let k be l(1). Let o(w) = w**3 - 5*w**2 + w + 5. Give o(k).
10
Let v(f) = -f**2 + 9*f - 18. Suppose 5*a - 2*q - 32 = 0, 4*q + q = 4*a - 29. Give v(a).
0
Let o(w) = -w**3 - 8*w**2 + 7*w - 17. Let k be 2 - 3 - (17 + -9). Give o(k).
1
Suppose 0 = 2*i + 2*i + 2*k - 28, 5*i - 33 = -2*k. Let n(j) = j**2 + 8 - 3 - 2 + 4*j - 2*j**2. What is n(i)?
-2
Suppose 11*l + 2*l = 143. Let u(j) = -11*j + l*j - 2 + 2*j. Calculate u(2).
2
Let k(s) = s**3 + 9*s**2 - 2*s - 4. Let m be k(-9). Let w(q) = -14*q + 26*q - m*q. Suppose v = -0 + 2. Calculate w(v).
-4
Let z = -39 + 35. Let j(y) = -2*y + 2*y**2 - 2*y + y**3 + 3*y**2 + 1 + 6*y. Calculate j(z).
9
Let g(p) = -p - 6. Suppose 57 = 3*q - 18. Let i = q - 28. What is g(i)?
-3
Let j be (13/2 + -4)*4. Suppose 0 = -3*t + 25 - j. Let d(u) = -2*u + 1. Determine d(t).
-9
Suppose -x + 6*x = -20. Let c(o) be the second derivative of -3/2*o**2 + 0 + o - 1/3*o**4 - 1/20*o**5 + 1/6*o**3. Determine c(x).
-7
Suppose -5*d + 4 = 5*r - 31, -2*r + 18 = 3*d. Let n(z) = 13*z - 2. Let f(m) = 4*m - 1. Let q(x) = -7*f(x) + 2*n(x). Determine q(d).
-5
Let q(n) = 4*n**3 + 27*n**2 + 34*n + 36. Let z(l) = -l**3 - 9*l**2 - 11*l - 12. Let c(g) = -2*q(g) - 7*z(g). What is c(10)?
2
Suppose -8 = -5*g + 17. Suppose -g*h + 8*h = 6. Let x(q) = -h - 2*q**3 - 2*q**3 + 5*q**3 - q + 5*q**2 + 9. What is x(-5)?
12
Let o(z) = z**2 - 4*z - 4. Let j be o(5). Let i(t) = -11*t**2 - t + 2. Let p be i(j). Let y be (-38)/p - (-4)/20. Let s(k) = k**2 - 5*k + 5. What is s(y)?
1
Let c(y) be the third derivative of -1/24*y**4 + 0 - 5/3*y**3 - 3*y**2 + 0*y. Suppose 4*u = 3*n - 8 - 27, 2*u + 5 = -n. What is c(u)?
-5
Let w(j) be the first derivative of -3*j**4/4 + j**3/3 + j**2/2 + j + 82. Determine w(2).
-17
Let f(r) = 236*r - 5 + 242*r - 486*r. Calculate f(-5).
35
Let a(l) = l**3 + 3*l**2 - 4*l - 3. Suppose -4*x - 1 = -3*u, 3*x - 11 = -3*u - 38. Give a(x).
-3
Let c be ((-2)/(-3))/(11/(-462)). Let h = c - -26. Let b(j) = 5*j - 2. Give b(h).
-12
Suppose -5*i - 5*u + 15 = 0, 0 = 4*i - 5*i - 2*u + 4. Let l(y) = -y**2 - 1. Let m(h) = -3*h**2 + h - 3. Let c(f) = i*l(f) - m(f). Determine c(4).
13
Let g(b) be the second derivative of -5*b**4/3 + 184*b. What is g(-1)?
-20
Let a(f) = -f. Let y(r) = -12*r. Let m(u) = u. Let g(j) = -m(j) - y(j). Let c(k) = -6*a(k) - g(k). Suppose 14*l - 13*l - 1 = 4*t, -4*l = 12. Determine c(t).
5
Let b(y) = -3*y - 3*y**3 - 15*y**2 + 14*y**2 + 2*y**3 + 5*y**2. Determine b(3).
0
Let h(d) = -d**2 + 6*d + 9. Sup